 are the prime factors of (m/(-5))/(15/(-75))?
2
Let m be 2 + 15/3 - -4. Let g(r) = -34*r - 7. Let o be g(-2). Suppose -m - o = -l. List the prime factors of l.
2, 3
What are the prime factors of 7200/(-3360)*80346/(-5)?
2, 3, 1913
Suppose -53*h = 129*h - 1869868. List the prime factors of h.
2, 11, 467
Let i(k) = 62*k - 37*k**2 + 73 - 8*k**2 + 47*k**2. List the prime factors of i(-30).
13
Suppose 2*n + 5*s - 40 = s, 4*n = -3*s + 65. Let t be 179/2 + (-214)/(-428). Suppose n*d = 13*d + t. List the prime factors of d.
2, 3, 5
Let d = -27 - -16. Let y = 366 + -336. Let b = d + y. What are the prime factors of b?
19
Let b(r) be the second derivative of 17*r**3/2 - 13*r**2 + 20*r. What are the prime factors of b(7)?
331
Let x(w) = 2*w**2 - 21*w + 22. Let h be x(10). What are the prime factors of 8/h + (3 - (-469)/3)?
2, 5
Let m be 426/(1/4 + (-77)/(-44)). Let v = 56 + m. List the prime factors of v.
269
Suppose 22490 = 5*y - 12*o + 17*o, -y + 4510 = -5*o. What are the prime factors of y?
2, 3, 5
Suppose 5*p = -4*c - 8, 26*c + 10 = 28*c - p. Suppose 0 = 4*g - 4*h + 3*h - 305, c*g + h - 234 = 0. List the prime factors of g.
7, 11
Let n(v) = 3*v**2 - 12*v + 15. Let o be n(2). Suppose -o*b + 1694 = -2*a + 4262, 0 = -3*a + 4*b + 3850. What are the prime factors of a?
2, 3, 71
Let l(t) = 18*t**2 - 3*t + 4. Let d be l(1). Let b = 42 - d. List the prime factors of b.
23
List the prime factors of 494 + -1 - (8 - 30/2).
2, 5
Let q be -26 + 80 + (3/(-3) - 2). Suppose -q*g + 980 = -44*g. List the prime factors of g.
2, 5, 7
Let u = 201 - 477. Let h = u + 713. List the prime factors of h.
19, 23
Suppose -5*w - 3*s = -43487, 8*w - s - 43491 = 3*w. List the prime factors of w/16 + ((-5)/8 - -1).
2, 17
Let x(i) = 16*i**2 - 36*i**2 + 133*i**3 - 132*i**3 - 11*i - 25. What are the prime factors of x(22)?
701
Let f(i) = -3*i**2 + 33*i + 6502. What are the prime factors of f(0)?
2, 3251
Suppose 2*d + 12*h = 14*h + 8, 3*h - 16 = -d. Suppose -13*q = d*q - 4960. List the prime factors of q.
2, 31
Suppose -3*z + 0*z + 4*l + 3118 = 0, 0 = -2*z + 3*l + 2079. Let q = z + -667. Let i = -227 + q. What are the prime factors of i?
2, 3
List the prime factors of 46056 + 34/(-6) + (-176)/132.
46049
What are the prime factors of 8 - (477 + 16)*69/(-1)?
5, 1361
Let q = -130 - -155. Suppose -s - 3264 = -q*s. What are the prime factors of s?
2, 17
Let l = -520 - -523. Let x = 329 - l. List the prime factors of x.
2, 163
Let v be (-3)/(-12) + 2/(-8) - -2. List the prime factors of (-3*(-35)/(-3))/(v/(-20)).
2, 5, 7
What are the prime factors of 3 - ((-10 + -1366)*3 - 7)?
2, 2069
Let o(b) be the first derivative of b**3/3 - 11*b**2 + 48*b - 1. Suppose 0 = -19*y - 171 + 177 + 412. What are the prime factors of o(y)?
2, 3
Let d be 3/((-18)/(-7774)) - 6/9. Suppose -4*w + 243 - d = 0. Let b = w - -438. List the prime factors of b.
5, 7
Let w = 421 - -111. Let z = 770 - w. List the prime factors of z.
2, 7, 17
Let z(x) = 6836*x**3 + 2*x**2 + 2*x - 7. List the prime factors of z(2).
3, 59, 103
Let i(f) = 86*f**2 + 10*f**2 - 3 + 34*f**2. Let h be i(2). List the prime factors of (-7)/42 + h/6.
2, 43
Suppose 0 = 77*r + 75*r - 366016. List the prime factors of r.
2, 7, 43
Let i = 4633 - 4250. List the prime factors of i.
383
List the prime factors of (-225)/((6/21)/(864/(-56))).
2, 3, 5
Let o(n) = n**3 - n**2 - 2. Let u be o(2). Suppose 0 = 8*p - 47 - 1. Suppose -u*k = -p*k + 544. What are the prime factors of k?
2, 17
Suppose -5404 = -3*b - 2*x, -6*b + 2*b + 7203 = 5*x. Let v = b + -1062. List the prime factors of v.
2, 5, 37
Suppose 0 = 5*q + 2*p - 50, -10*q + 9*q - p + 13 = 0. Suppose q*f - 3178 = 4430. List the prime factors of f.
3, 317
Suppose 4*c = 9*c - 15. Suppose -5*k + 327 = 2*x - 237, -1372 = -5*x - c*k. Suppose b + x = 5*b. List the prime factors of b.
2, 17
Let b be (225/(-10))/9*-2. Suppose 2*a - 3*j + 302 = j, a + b*j = -116. Let s = a + 247. List the prime factors of s.
2, 53
Let f(h) = h**2 + 10*h + 24. Let s be f(-6). Suppose s = x - 9*x + 1656. List the prime factors of x.
3, 23
Suppose 13229 - 2944 = -11*i. Let j = -494 - i. List the prime factors of j.
3, 7
Let a(c) be the first derivative of c**4/4 + 31*c**3/3 - 49*c**2/2 - 26*c - 18. List the prime factors of a(-32).
2, 7, 37
What are the prime factors of ((-1751090)/154 + 4 + (-30)/7)/(-1)?
83, 137
Let y(u) = 10*u**3 + 20*u**2 - 44*u + 481. List the prime factors of y(9).
5, 7, 257
Let v = 2254 + -1883. Suppose -3*x + 1180 = 466. Let d = v - x. What are the prime factors of d?
7, 19
Let j(z) = -z**3 - 18*z**2 - z - 15. Let h be j(-18). Let y(k) = -9*k - h + 10 - 42. What are the prime factors of y(-10)?
5, 11
Let z(i) = 5*i**2 - 4*i - 1. Let s be (-7)/(-2)*(-48)/(-28). Suppose -27*a - s = -30*a. List the prime factors of z(a).
11
Let p(d) = -23*d - 3232. Let s be p(0). Let y = -1885 - s. What are the prime factors of y?
3, 449
Let d(r) = -385*r - 14. Let i be d(-5). Let w = i + -738. What are the prime factors of w?
3, 17, 23
Suppose 3*c - 13*f + 11*f + 20 = 0, 5*c - 5*f + 35 = 0. What are the prime factors of (-223)/(c/(-36)*-3)?
2, 223
Let j = -94 - -96. Suppose -j*q - 1343 = -6*q - y, -5*q + 1678 = 2*y. List the prime factors of q.
2, 3, 7
Let p = -40 - -44. Suppose 17 - 5 = p*w. Suppose 4*n = w*q + 204, 5*q - 220 = 4*n - 9*n. List the prime factors of n.
2, 3
Let j(h) = -2*h**2 - 18*h + 27. Let l be j(-10). List the prime factors of (-2)/l*1169/(-2).
167
Let h be 211/3 + (-4)/12. Let f = h - 67. Suppose -f*x + 31 = -287. What are the prime factors of x?
2, 53
Suppose -23*m + 26*m + 9729 = 2*n, 24316 = 5*n - m. List the prime factors of n.
3, 1621
Let o(u) = -u**3 - 2*u + 46. Let a be o(0). Let k = a - 41. Suppose 2*q + 2*h - 122 = 0, 6*q - q = k*h + 315. What are the prime factors of q?
2, 31
Let m be (-138)/(-2)*2*3/18. Suppose 4*x + 29488 = m*x. What are the prime factors of x?
2, 97
Let g(j) = -j**3 + 2*j**2 + 4*j + 1. Let n be g(3). Let r(a) = 3*a - 7. Let i be r(n). Suppose 4*x = h - 42, 0*x - 15 = i*x. List the prime factors of h.
2, 3, 5
Suppose -11285 = 42*q - 80016 - 7121. What are the prime factors of q?
2, 3, 7, 43
Suppose -110 = 7*h + 142. Let w = h + 36. Suppose 0 = -3*m, -2*y - 2*y - 4*m + 132 = w. List the prime factors of y.
3, 11
Let c(f) = -8 - 21*f - 31*f - 41*f + 41. List the prime factors of c(-2).
3, 73
Let a(p) = -2*p + 1. Let d(y) = -69*y + 292. Let b(l) = -4*a(l) - d(l). List the prime factors of b(17).
1013
Let c = -343 - -364. What are the prime factors of (-35)/c + 5505/9?
2, 5, 61
Let h = 95 + -738. Let p = -178 - h. Let x = p + -310. List the prime factors of x.
5, 31
Suppose 28 = t + 4*n - n, 2*n - 92 = -4*t. Suppose t*u + 240 = 17*u. Let p = u - -145. List the prime factors of p.
97
Let t = 314 + -88. Let o(y) = 2*y**3 - 129*y**2 - 63*y - 190. Let f be o(65). Let b = t + f. List the prime factors of b.
2, 83
Let d be ((-10)/6)/((-37)/(-55944)). What are the prime factors of ((-36)/(-30))/((-7)/d)?
2, 3
Let p(q) = -3*q**2 - 5*q - 4. Let a be p(-4). Let y = a - -90. Suppose -y = -2*z + z. What are the prime factors of z?
2, 29
Suppose 4*k + 2*j - 66145 = j, 0 = 2*k - 2*j - 33080. List the prime factors of k.
23, 719
Suppose 4*v - 2186 = 2*l, -3*v + l = -359 - 1282. Let s = v + -468. List the prime factors of s.
2, 5
Let x = -30 + 30. Suppose -k - 3*r - 88 = x, -3*r + 440 = -5*k + r. Let m = 151 + k. What are the prime factors of m?
3, 7
Suppose o = -2 - 1. Let y(j) = -45*j + 19. Let m(x) = 224*x - 89. Let u(r) = -3*m(r) - 14*y(r). List the prime factors of u(o).
127
Suppose 2*p + 4*a - 6*a = 6, 5*p + 2*a - 29 = 0. Suppose p*t - 595 + 35 = 0. What are the prime factors of t?
2, 7
Suppose -52*c = -57*c - 510. Let p be (-4822)/(-6) - 34/c. Suppose n + p = 5*n. What are the prime factors of n?
3, 67
Let b(j) = 11*j**2 + 2*j + 3. Let y = 63 - 60. Suppose -6*r = -y - 15. What are the prime factors of b(r)?
2, 3
Suppose -41*c - 16 = -37*c, -t + 4285 = -5*c. What are the prime factors of t?
5, 853
Suppose r + 293 = 5*g - 411, -5*g - r = -706. Let h = g + -101. Let v = h - -239. List the prime factors of v.
3, 31
Suppose 0 = 36*f - 55*f + 32509. List the prime factors of f.
29, 59
Let w be (-3)/(6/(-11))*-4. Let l be ((-15)/2 - -1)/(w/264). Suppose 2*x - l = -p - 2*x, 4*p - 4*x = 272. List th